22
Evaluate (-33 - 4 - -21) + 1.
-15
Evaluate -40 + 25 + 22 + -2.
5
Evaluate -5 - (8 + -14 - 5).
6
Calculate -10 + 1 - (35 - (-2 - -53)).
7
Calculate 10 + 0 + (-11 - (-9 - -4)).
4
Calculate 7 + -11 + 9 + 2 + -1 - -21.
27
Evaluate 0 + -8 + 5 + (8 - -11).
16
Calculate -5 + -30 + 3 - -10 - -9.
-13
5 - 0 - (6 - (8 + (-9 - -4)))
2
What is -9 - (5 - 21) - (5 + 4)?
-2
Calculate (27 - 10 - -22) + -38.
1
Calculate 13 - 13 - (19 + 5).
-24
11 + -6 + -11 + 0 - (-1 + -19)
14
Calculate -14 - (-13 + -8 + 8).
-1
What is the value of (-3 - -3) + (0 - -2) + 3?
5
What is -7 + (11 - 16) - (0 + 2 + 3)?
-17
Evaluate 11 + (8 - 14) + 7 + 0.
12
Evaluate 0 + 0 + 3 - (10 - 22).
15
What is (-9 - -49) + -13 + -8 - (7 - 5)?
17
What is 4 + -10 + 8 - (-2 + (0 - -1))?
3
-17 - (20 - 7) - -14
-16
11 + (1 + -7 + 7 - 11)
1
What is 22 + -24 + (6 + 0 - 3)?
1
What is (3 - 1) + (-15 - (2 - 8))?
-7
What is -9 + 11 + -22 - (1 + 0)?
-21
What is -5 - (3 - 4 - -6 - -1 - 7)?
-4
(-12 - -3 - 2) + 2 - 0
-9
13 + 46 + -15 + -22
22
What is the value of (-24 - -4) + (2 + 8 - 0)?
-10
Calculate 10 + (-5 - ((11 - 1) + -10)).
5
(-5 - -3) + -27 + 25
-4
What is (1 - -8 - (-21 - -27)) + 10?
13
What is -32 + -1 + (-5 - -16)?
-22
Evaluate 31 + 1 - (1573 - 1547).
6
What is the value of 684 - 732 - (1 + -51)?
2
Calculate (1 - 9) + (33 + -31 - 2).
-8
Calculate 547 + -558 - ((0 - 0) + 0).
-11
Calculate -13 + 2 + (1 - 2 - (-105 - -115)).
-22
What is 203 + -219 - (24 + 0)?
-40
What is 5 - (9 - -3) - 0 - -15?
8
Evaluate 0 - (-1 + 3 + 4) - (-200 + 169).
25
What is the value of -6 + 2 + -4 + 8 - 8?
-8
Calculate (15 - 4) + -8 + (3 - 2) - -9.
13
Calculate -1 - ((-4 - (-3 + -8)) + -7).
-1
Evaluate (15 - (8 + 23)) + 11.
-5
Calculate -1 + 7 - 14 - ((-5 - 0) + 1).
-4
Evaluate (3 - 5 - -7) + (0 - (4 - 6)).
7
What is the value of 50 - 68 - (-10 - 1)?
-7
(-17 - 0 - -10) + (15 - (3 + -6))
11
What is 3 - (-22 + (6 - -29))?
-10
Evaluate 24 + -19 + 16 + -2.
19
What is the value of (-78 - -27) + 44 + (-1 - 10)?
-18
What is -1 + 7 - (137 - 139)?
8
Calculate 0 + -29 + (19 - 2).
-12
Calculate -1 + -2 + 8 - 1 - 14.
-10
What is the value of 20 + 2 + -2 - (15 - (66 + -54))?
17
Calculate 0 - (15 + -5 + -11 - 3).
4
Evaluate 13 - (-3 + (17 - 5)) - (24 + -2).
-18
1 + (7 - (13 + 6))
-11
Calculate 0 - 17 - (427 + -464).
20
What is the value of -69 + 49 + (18 + -10 - 13)?
-25
What is -16 - (-14 - -13 - 36)?
21
What is 1390 + -1386 - (2 - 2)?
4
Evaluate 0 + -2 + 0 + 1 + (-7 - 6).
-14
Evaluate -2 + (1 - -8) - 16.
-9
Calculate 0 - 6 - (-60 - (25 + -46)).
33
What is (-42 + 42 - (1 - -6)) + -2 - 13?
-22
Evaluate -13 + (0 - -10) + (-7 - -5).
-5
Evaluate (2 - -20) + 1 - 13.
10
What is the value of 13 - (-17 - (-13 + -6))?
11
Evaluate -9 - -1 - (-12 + 17 - 17).
4
What is (19 - 39) + 2 - 12 - (1 - 12)?
-19
Evaluate (25 - ((14 - 3) + -8)) + (6 - -2).
30
Evaluate -19 + -17 - -68 - 22.
10
Calculate 12 + (-5 - (16 + -11 - 4)).
6
Evaluate 9 - (5 + (-5 - -8)) - (-23 - -1).
23
14 + -26 + 19 + -5 - 17
-15
What is the value of 10 + -18 + (7 - 5 - -4)?
-2
Calculate -4 - 1 - ((49 - 11) + -32).
-11
What is the value of (87 - 95) + (17 - -1)?
10
What is -16 - -9 - (-2 + -7)?
2
Evaluate 8 + (5 - -4) + -7 + -2.
8
What is the value of -7 + 13 + -2 - -5?
9
3 - (24 - (-6 - -13))
-14
Evaluate (7 + 1 - (-21 - -26)) + 0.
3
What is the value of -25 + 2 - (0 + -1 + -7)?
-15
Evaluate -73 - -97 - (2 + 12).
10
Calculate 0 - -55 - ((-52 - -81) + -10).
36
Evaluate -14 + 14 + -8 - -13.
5
Calculate 32 + 31 + -47 + -6.
10
What is 1 - 15 - (-683 - -670)?
-1
Evaluate 26 - -3 - (22 - 18 - -15).
10
What is (-30 - -14) + (5 - 9)?
-20
28 + 7 + (8 - -1 - 15) - 4
25
Calculate (-2 - -38 - 34) + (-1 - 0).
1
What is 151 - 128 - (2 - -13)?
8
(3 + (-1 - -3) + -4 - -5) + -6
0
Calculate -4 + 12 + -8 - -11.
11
-535 + 537 + (-35 - -3)
-30
Calculate 31 + 0 - (-2 + (43 - 27)).
17
What is the value of -8 - ((1 - -3) + 12 - 22)?
-2
14 + 16 + (2 - 37)
-5
Evaluate -16 + (-13 - -26 - 2).
-5
What is (3 - ((10 - 6) + -8)) + 3?
10
What is (4 - 10) + 3 + (-118 - -114)?
-7
Calculate -34 + 1 - -5 - (18 - 15) - -11.
-20
Evaluate -304 + 306 + (7 - 1) + -2.
6
What is 3 - (-4 - -12 - (-1 + -4))?
-10
Evaluate -14 + 9 + 0 - -18 - 6.
7
What is 16 - ((-17 - 1) + 36)?
-2
What is the value of 27 - (-7 + 18 - ((-1 - 2) + 5))?
18
What is (-26 - -1 - (13 - 21)) + 13?
-4
Evaluate -24 + -7 + 3 - (-7 - -2 - 3).
-20
Evaluate 14 - (1 - -7) - 14 - 0.
-8
Calculate -5 + (-13 + -8 - (17 + -29)).
-14
What is -4 + 0 + 112 + -106?
2
Calculate -24 - ((0 - 6) + -38).
20
Calculate 5 + (-19 + 9 - -8) + 0 - -8.
11
What is the value of 4 + (5 + 6 + -6 - 12)?
-3
What is the value of 33 + (-1 + 3 - 6) - (58 + -57)?
28
What is the value of 1 + 13 + 17 + 6 - 12?
25
What is the value of (-209 - -190) + (13 - -4)?
-2
What is the value of (-65 - (-34 - -17) - -13) + 2?
-33
What is the value of 19 + -35 + 20 + (1 - (-2 - 1))?
8
13 + ((-13 - -13) + 16 - 53)
-24
Calculate -5 - (-7 - 12) - -2.
16
Evaluate 36 + (-79 + 12 - -43).
12
Calculate 9 + (3 - 6) + 34 + -38 - -5.
7
What is the value of (-2 - 5) + -1 + 2 - -10?
4
Evaluate 1 + 8 + (209 - 215).
3
(3 + -9 + 16 - 1) + 4
13
Evaluate -11 + (23 - 7) + -16.
-11
What is the value of 7 + (11 - (13 + -17 + 8))?
14
What is (16 + -17 - -1) + -20?
-20
What is the value of 3 + 1 - (-18 + (22 - -11))?
-11
23 - (14 - (29 + -16 + 0))
22
What is the value of (7 - 3) + -2 + -17 + 9 + 2?
-4
4 + (-8 - 13) + 4
-13
Evaluate (3 - 5) + -68 + 49.
-21
(-2 - 5 - (-4 - 35)) + -15
17
-3 + 3 + (-21 - -7) - -8
-6
-2 + 0 + -24 - ((-96 - -18) + 80)
-28
Evaluate 0 - -8 - 29 - (4 - 11).
-14
What is the value of -427 - -432 - (0 - -2)?
3
Calculate (21 + -39 - 7) + 37.
12
Evaluate (13 - 8 - (0 - 14)) + 19 + -27.
11
What is 1 - (-599 - -595 - (0 + -2 - -16))?
19
(3 - -5) + (16 - ((15 - 1) + -26))
36
What is 11 + -16 + 4 + 5?
4
Calculate 10 + (-18 - -5) - (-12 + -2 - -2).
9
What is the value of (-12 - (20 - 23)) + (-3 + 0 - 2)?
-14
What is 29 - (3 - (-33 + 22))?
15
What is -14 + 20 + 0 + -1?
5
What is the value of -6 - (14 - 31 - -2) - 35?
-26
What is -30 + 7 - (-1 - -2 - 3)?
-21
Calculate 461 + -465 + 9 + 2.
7
-33 + -15 + 32 + 15
-1
What is (-1 - 10) + (-20 - -1 - (-708 + 674))?
4
What is the value of -18 + (5 - -36) - 51?
-28
What is the value of (-98 - -102) + (-6 - -2) - (0 - 0)?
0
Evaluate -10 + 0 - -8 - (-17 + (23 - 12)).
4
Evaluate 0 + 0 + 1 + (359 - 344).
16
4 + -1 - (12 + (-16 - -4))
3
Evaluate -7 + (-7 - -3) - (-5 + 2 - -10).
-18
What is the value of (-1 + -1 - 1) + (-19 - -32 - 11)?
-1
What is the value of 10 + -16 - (4 + -6 + 23)?
-27
What is the value of 5 - ((-9 + 8 - 0) + (4 - 0))?
2
Calculate 23 + 9 + -31 + 2.
3
What is -22 + -42 + 28 - -5?
-31
40 - 38 - (2 - 9)
9
What is the value of -1 - ((5 - -2) + 2 + -4)?
-6
What is 16 - (1 + 0 - (-6 - -3 - -2))?
14
What is the value of -2 - -5 - 2 - (-14 + -5 - -14)?
6
What is the value of 0 - (14 - (12 - 10))?
-12
Calculate 0 - (-1 - -1 - (20 - 7)).
13
Calculate 0 + 2 + 0 - (1 - 8 - -5).
4
2 + (-2 - 1) + 2 + -25 + 37
13
Evaluate 18 + -19 + (-5 - (-6 - -7)).
-7
What is -3 + 14 + -2 - (7 - -6)?
-4
Evaluate 43 - (48 + 29 + -3).
-31
What is the value of -1 + 6 + -1 - (2 - -1 - -21)?
-20
Calculate 5 + 7 + 0 + -13 + 13.
12
What is (11 - 4) + 25 + -34 + 20?
18
Evaluate (-9 - -28) + 7 - 32.
-6
Evaluate 18 - (11 + (19 - (40 - -2))).
30
What is the value of 20050 + -20036 - ((2 - 1) + 43)?
-30
What is the value of 2 - (5 + -8 + 4) - -10?
11
What is the value of 14 - ((1 - (-8 - -19)) + 37)?
-13
Calculate -73 - -21 - -24 - (5 - -1).
-34
What is 2 + -14 + -2 - 1 - (43 + -41)?
-17
Evaluate -23 + -3 - (-14 + -22 + 24).
-14
What is (-1 - -2) + -33 - (-13 + -6 - -12)?
-25
Evaluate 15 + 1 + (-19 - -5).
2
What is 3 + (-2 - 4) + -1 + (64 - 66)?
-6
Evaluate 6 + -22 + 7 - -9.
0
What is the value of 48 - 4 - (42 - 17)?
19
What is -38 + -1 - (-559 + 517)?
3
Calculate 15 - 20 - (-11 + 2 + -4).
8
Calculate 0 + -8 + 61 + -64 + 11.
0
Calculate -8 + -5 + (-11 - (5 + -12)).
-17
(32 - 25) + (-2 + 2 - -2) + 4
13
Evaluate (-19 - -20) + -7 - -13.
7
What is (-2 + (4 - -6) - -3) + (9 - -9)?
29
What is 16 + (-5 - (-7 - 4) - 8) + 9?
23
What is 4 + (3 - 36) + 10 - -12 - 3?
-10
Calculate 2 + 4 - (-2 + 3 - -6) - 4.
-5
What is the value of (-28 - -23) + 19 + -4 - (0 - -40)?
-30
5 + 11 + -24 - -19
11
What is -10 + (